mmon divisor of 451 and s?
41
Let r = -143 - -161. Suppose -4*w = -48 + 20. Suppose -w*s + 2*s - 14 = h, 8 = -2*s. What is the greatest common divisor of h and r?
6
Let c(l) = -l**2 + 13*l + 6. Let i be c(13). Let f(k) = -k**3 + 6*k**2 + 2*k + 4. Let x be f(i). What is the highest common factor of x and 16?
16
Let u(m) = 2 + 2 + m**2 - 3. Let z be u(2). Suppose z*n = 17 + 58. What is the greatest common factor of n and 75?
15
Suppose -5*m + 45 = -4*i, -4*m - 5*i = m. Suppose -m*n + 45 = -755. What is the greatest common divisor of 20 and n?
20
Suppose -93 = -4*k - 9. What is the greatest common divisor of k and 21?
21
Let k(p) = 2*p**2 - 5*p + 2. Let f be k(-12). Calculate the greatest common factor of 35 and f.
35
Let h = 56 - 36. Suppose -2*g + g = 5*u - 17, 0 = u + 5*g - 13. Suppose 0 = a - u*a + h. Calculate the greatest common divisor of a and 25.
5
Suppose 2*y - 86 - 202 = 0. Let k = -14 - -31. Let g be -2 + (1 - 0) + k. Calculate the highest common factor of g and y.
16
Suppose -d = 3*l - 36, 3*l - 3*d + 8*d - 24 = 0. What is the greatest common divisor of l and 13?
13
Suppose -4*x + 4 + 12 = 0. Suppose 0 = -w - x*w + 350. Calculate the greatest common divisor of 10 and w.
10
Let s be 0 + 0 - 0 - -4. Let d = -4 + 14. Let h = 18 - d. What is the highest common divisor of h and s?
4
Let y be 5 + 26/(-4) - (-178)/4. Calculate the highest common divisor of 86 and y.
43
Suppose -2*r = 5*u - 24 - 13, -5*u + 19 = -r. What is the greatest common factor of 27 and r?
3
Suppose 128 = 4*m - 12. Let u(w) = 2*w**3 - 3*w**2 + 2*w - 1. Let x be u(2). What is the greatest common divisor of m and x?
7
Let q(b) = b. Let v be q(2). Let a(z) = z**3 + 2*z**2 - 2*z**2 - 3*z**v. Let p be a(6). What is the greatest common factor of 12 and p?
12
Let d be ((-30)/(-4))/(4/(-16)*-2). Calculate the highest common factor of d and 105.
15
Let v(y) = 4*y**2 + 4*y + 2. Let g be v(-2). Suppose 0 = -2*r - 4, 2*q - r - 3*r = 108. What is the greatest common divisor of q and g?
10
Suppose 0 = -9*w + 20 + 106. Let v be ((-8)/6)/((-6)/9). What is the highest common factor of w and v?
2
Let l be (2 + 0)*-2 + (-170)/(-10). Let w(y) = 18*y + 1. Let f be w(5). Calculate the greatest common factor of f and l.
13
Let q(d) = -d**3 + 12*d**2 + 14*d - 11. Let c be q(13). What is the highest common divisor of c and 2?
2
Let c(v) = v**2 + v - 2. Let o be c(-6). Suppose p - 2*q = 15 - 6, q = -1. Calculate the highest common factor of o and p.
7
Suppose 0 = m - 28 + 8. What is the highest common factor of m and 220?
20
Let l = 11 + 15. Let c = 38 - l. Let x be c*(0 + 1/4). What is the highest common factor of x and 15?
3
Let n be (-4)/(-5)*10/4. Suppose -3*h - 9 = 0, f - 2*h - 2 = 3*f. What is the highest common factor of n and f?
2
Let j(y) = -3*y - 8. Let r be j(-6). What is the greatest common divisor of 160 and r?
10
Suppose 0*m = 4*m - 64. Suppose -m = -0*i - 2*i. What is the greatest common divisor of 1 and i?
1
Let h(g) = 3*g**2 - 2*g - 11. Let i be h(5). What is the highest common divisor of i and 18?
18
Let q be 81/6*4/6. Let x(a) be the third derivative of -a**4/24 - a**3/3 - 3*a**2. Let n be x(-5). What is the highest common factor of q and n?
3
Let s = 95 - 18. What is the highest common divisor of s and 11?
11
Let t be ((-24)/(-10))/(3/110). Let m be 18/(-12)*(-4)/6. Let k = m - -7. What is the highest common factor of t and k?
8
Let m = 57 - 53. What is the highest common factor of m and 6?
2
Suppose 3*k + 35 = 10*k. Suppose k*z - 76 = 3*m, m + 44 = 3*z - 0*m. What is the highest common divisor of z and 7?
7
Let z(n) = -19*n - 25. Let u be z(-12). Calculate the highest common factor of 29 and u.
29
Let t = -81 + 92. Let y = 174 + -53. Calculate the highest common divisor of y and t.
11
Suppose 0 = m, -5*m = -4*v + 3 + 41. Let l = -2 + v. Let a = 42 + -24. Calculate the highest common factor of l and a.
9
Suppose 42 = 3*p - 3*c, -4 = -2*p - c + 9. Let o = -21 - -73. Let f = 133 - o. What is the highest common divisor of p and f?
9
Let b(t) = t**2 - 5*t - 3. Let k be b(6). Suppose -46 = -4*j - 2*p - 2, -6 = -k*p. Suppose -60 = 2*a - 4*a. What is the highest common divisor of a and j?
10
Let v(i) be the third derivative of -i**4/4 - i**3 - i**2. Let c = -3 - 4. Let h be v(c). Calculate the greatest common factor of h and 9.
9
Suppose -16 = -2*g - 2*g. Calculate the highest common factor of 12 and g.
4
Let w(h) = -h**3 + 9*h**2 + 4. Suppose 9*s - 6*s - 15 = 0. Let v be w(s). Calculate the highest common divisor of v and 13.
13
Let m(g) = -g**2 - 4*g + 5. Let f be m(-5). Suppose 3*i - 36 - 54 = f. Calculate the greatest common factor of 210 and i.
30
Let c = -16 + 38. What is the highest common divisor of 154 and c?
22
Let u be (-22)/77 + (-1082)/(-14). Calculate the greatest common divisor of u and 11.
11
Suppose 54 + 50 = 3*h + 2*m, -3*h - 5*m + 89 = 0. Calculate the highest common divisor of h and 4.
2
Suppose m - 40 = -4*m. Let a be 3/2 - (-3)/2. Suppose 8*t - 3*t - 348 = -a*q, 5*q + 20 = 0. Calculate the greatest common divisor of t and m.
8
Suppose -3*x + 84 = -0*x. Suppose -4*g + 48 = -4*r - x, 4*g - r - 82 = 0. What is the highest common divisor of g and 63?
21
Let j(g) = -g**3 + 6*g**2 + 8*g - 2. Let f be j(7). Let l(t) = t**3 - 2*t**2 + 5*t - 4. Let p be l(3). What is the highest common divisor of f and p?
5
Let d = -34 - -14. Let f = d + 80. Calculate the highest common factor of 15 and f.
15
Suppose -2*r - 2*b + 44 = 0, 0 = 5*r + 5*b - 6*b - 110. What is the greatest common factor of 55 and r?
11
Let j(f) = f - 14. Let q be j(11). Let y = 1 + q. Let n be (77/(-3))/(y/6). What is the highest common factor of n and 7?
7
Suppose -m = n - 4*m, -n = -4*m + 2. What is the greatest common divisor of 48 and n?
6
Let h(o) = o + 6. Let u be h(-6). Let z be 2/1 + -1 + u. What is the highest common divisor of 1 and z?
1
Let r(h) = 11*h - 25*h - h**2 - 3 + 5*h**2 - 5*h**2. Let i be r(-6). Calculate the highest common divisor of 15 and i.
15
Let l(u) = -2*u**2 + 6*u - 5. Let a be l(3). Let s = 11 + a. What is the greatest common divisor of 12 and s?
6
Let b = 73 - 45. Suppose 4*k - 56 = -0*k. What is the greatest common divisor of k and b?
14
Suppose 4*i + 4*t - 203 = -t, -t - 176 = -3*i. Let o be (16/(-12))/((-2)/57). Calculate the highest common factor of o and i.
19
Let w(b) = 5*b + 1. Let r be w(5). Suppose -14 = -4*x + l, -2*x - 5*l + r = 2*x. Calculate the highest common factor of 2 and x.
2
Suppose 0 = i - 15. Suppose 0 = -2*m - 1 + 5. Suppose m*h + h - 315 = 0. Calculate the greatest common factor of i and h.
15
Let k = 51 + -11. Calculate the highest common divisor of 4 and k.
4
Let c be ((-4)/6)/((2 - 1)/(-33)). Suppose 0 = 3*o - 873 + 279. What is the greatest common factor of o and c?
22
Let j be 5*((-3)/3 + 3). Suppose -x + d - 5*d = -21, -2*x + 5*d = j. Suppose 0 = -x*w + 20. Calculate the highest common factor of w and 32.
4
Suppose 0 = -15*u + 14*u + 13. What is the greatest common factor of 117 and u?
13
Let q = 12 - 9. Let o = 54 + -33. Calculate the highest common factor of q and o.
3
Suppose -3*p + 2*p = -108. Let f(z) = 3*z - 12. Let o be f(13). What is the greatest common divisor of o and p?
27
Suppose 4*c + 31 = 71. What is the greatest common factor of c and 10?
10
Let d(j) = 3*j**2 + 1. Let y be d(1). What is the greatest common factor of y and 12?
4
Let l(w) = w + 9. Let k be l(-7). Suppose 3*c - 2*r = -c + 62, 3*r = -k*c + 35. Calculate the greatest common factor of 24 and c.
8
Suppose -2*y = -3*y - 1, 5*d - 4*y = 14. What is the highest common divisor of d and 3?
1
Let g(b) = 2*b**2 + b + 1. Let j be g(-1). Suppose -11*u + 12*u = 2. Calculate the highest common factor of j and u.
2
Let h = -2 + 7. Calculate the highest common divisor of h and 45.
5
Let n(l) = -4*l - 14. Let f be n(-5). Calculate the greatest common factor of f and 2.
2
Let h(r) = r**2 - 9*r + 11. Let x be h(9). Let s = -15 + 48. What is the greatest common factor of s and x?
11
Let y be (-162)/(-5) - (-18)/(-45). What is the greatest common factor of 16 and y?
16
Suppose -10 = 9*p - 127. Calculate the highest common factor of 91 and p.
13
Let y be (-1)/(1/(-4)) - -1*6. What is the highest common divisor of 30 and y?
10
Let o(b) = b**2 - 4*b - 10. Let i be o(8). Suppose -2*v + 25 = 3